37018?
False
Is 149 a factor of 25283231?
False
Is 36 a factor of 33095916?
True
Is 827023767 a multiple of 1479?
False
Is 2964 a factor of 3580512?
True
Is 216 a factor of 268561681?
False
Is 60 a factor of 20882640?
True
Is 648932390 a multiple of 39?
False
Is 2039149 a multiple of 191?
False
Does 473 divide 5910608?
True
Is 3931 a factor of 718240872?
True
Is 12834279 a multiple of 879?
True
Does 67 divide 1038634?
True
Is 4926528317 a multiple of 9493?
False
Does 33 divide 168760020?
True
Does 3 divide 7367395?
False
Does 2238 divide 715281523?
False
Is 14971550 a multiple of 96?
False
Does 58 divide 117610776?
True
Does 1203 divide 282163523?
False
Is 86 a factor of 333538530?
True
Is 24416108 a multiple of 1304?
False
Is 443 a factor of 47404565?
False
Is 474 a factor of 531844814?
False
Does 19 divide 46529993?
True
Is 19183777 a multiple of 124?
False
Is 674 a factor of 16337760?
True
Is 8 a factor of 501360645?
False
Is 3523 a factor of 2178630246?
True
Is 17726690 a multiple of 1070?
True
Is 4 a factor of 147800711?
False
Is 1338887103 a multiple of 6?
False
Is 8 a factor of 34030118?
False
Does 620 divide 559437780?
True
Does 546 divide 48725332?
False
Does 472 divide 598126424?
True
Is 1209642265 a multiple of 7?
False
Is 16 a factor of 5387341?
False
Is 27 a factor of 106132140?
True
Is 26 a factor of 60055356?
False
Is 211211364 a multiple of 156?
True
Is 67 a factor of 65064102?
True
Is 165743325 a multiple of 147?
False
Does 9 divide 134684669?
False
Is 309223115 a multiple of 199?
True
Is 1195490627 a multiple of 941?
True
Is 7082935 a multiple of 2?
False
Is 135 a factor of 2442864?
False
Is 4026824172 a multiple of 252?
True
Is 309 a factor of 2666052?
True
Does 292 divide 2710412630?
False
Is 10 a factor of 20998850?
True
Does 21 divide 951344436?
True
Does 70 divide 86607850?
True
Is 149287050 a multiple of 21?
False
Is 18 a factor of 3621333096?
True
Is 43 a factor of 238694075?
True
Is 95 a factor of 44173976?
False
Is 9 a factor of 6013377?
True
Does 74 divide 1006466230?
True
Does 22 divide 127587752?
False
Is 39881599 a multiple of 1123?
False
Is 1273697276 a multiple of 346?
True
Does 44 divide 164311613?
False
Is 3053898662 a multiple of 9?
False
Is 91 a factor of 908852854?
True
Is 15 a factor of 44814085?
False
Is 1621350304 a multiple of 628?
True
Is 2 a factor of 2008772?
True
Is 120177163 a multiple of 106?
False
Is 59370386 a multiple of 21?
False
Does 16 divide 116591653?
False
Does 512 divide 4157799?
False
Is 1075252356 a multiple of 9468?
True
Is 20735682 a multiple of 374?
True
Does 26 divide 12491466?
True
Is 5 a factor of 200731491?
False
Does 266 divide 581718060?
True
Is 14 a factor of 17102947?
False
Is 3468283 a multiple of 878?
False
Is 84 a factor of 454656720?
True
Does 44 divide 2511823?
False
Is 611 a factor of 13785348?
False
Does 94 divide 254027022?
False
Is 1453 a factor of 154456077?
False
Is 4229 a factor of 119118243?
True
Is 4457 a factor of 378287875?
True
Is 52567710 a multiple of 78?
True
Is 153 a factor of 612561663?
True
Does 20 divide 37283790?
False
Is 1856525 a multiple of 42?
False
Does 10 divide 168448760?
True
Does 227 divide 46613315?
True
Is 160 a factor of 3816065?
False
Is 116 a factor of 343687932?
True
Does 369 divide 33146163?
True
Is 673478157 a multiple of 2757?
False
Is 137 a factor of 72306450?
False
Is 3079 a factor of 230696497?
False
Is 956 a factor of 79482796?
True
Is 5 a factor of 18213042?
False
Is 39 a factor of 694927584?
True
Is 72 a factor of 301105688?
False
Is 3294507805 a multiple of 77?
False
Is 15169427 a multiple of 91?
True
Is 175396144 a multiple of 154?
True
Does 1457 divide 1005672395?
True
Is 15 a factor of 10496179?
False
Is 3089 a factor of 365567705?
True
Is 3310 a factor of 106634960?
True
Is 286 a factor of 267428304?
True
Is 2803 a factor of 1327276330?
False
Is 446 a factor of 35467699?
False
Is 73510066 a multiple of 7?
True
Is 50 a factor of 1544718150?
True
Is 2 a factor of 38561070?
True
Is 37 a factor of 68426301?
False
Does 24 divide 49625912?
False
Does 3118 divide 1956149014?
True
Does 1248 divide 174695040?
True
Is 55741122 a multiple of 3258?
True
Does 660 divide 2728543324?
False
Is 3 a factor of 297879118?
False
Is 103 a factor of 70812191?
True
Does 104 divide 470440984?
True
Is 2 a factor of 7061714?
True
Does 6226 divide 1280725556?
True
Is 6583443 a multiple of 7?
False
Does 14 divide 60659211?
False
Does 125 divide 33095954?
False
Is 7 a factor of 233858194?
False
Does 12 divide 25779730?
False
Does 62 divide 4264317620?
False
Does 14 divide 356393593?
False
Is 10 a factor of 224452730?
True
Does 640 divide 72741120?
True
Is 12 a factor of 5400348?
True
Is 3263360859 a multiple of 387?
True
Is 7 a factor of 23564410?
False
Is 19676268 a multiple of 141?
True
Does 3 divide 102931968?
True
Does 20 divide 781775100?
True
Is 8 a factor of 34349273?
False
Is 10 a factor of 1956322980?
True
Is 90364730 a multiple of 185?
True
Is 7038195959 a multiple of 17?
True
Is 2225917673 a multiple of 83?
False
Is 5 a factor of 92485002?
False
Is 1794615 a multiple of 15?
True
Is 147254378 a multiple of 34?
False
Does 285 divide 3514236?
False
Does 104 divide 49039821?
False
Is 120893002 a multiple of 97?
False
Is 379226347 a multiple of 44?
False
Does 19 divide 58017128?
False
Does 13 divide 4438449421?
False
Is 39864202 a multiple of 44?
False
Is 886065538 a multiple of 254?
True
Is 37 a factor of 317675553?
False
Is 137285510 a multiple of 10?
True
Is 2024 a factor of 121492624?
True
Is 1050 a factor of 15996750?
True
Is 1545910938 a multiple of 13?
True
Is 11135768 a multiple of 29?
True
Does 797 divide 673315164?
True
Is 2349226 a multiple of 35?
False
Does 121 divide 444591883?
False
Is 267237115 a multiple of 5?
True
Is 582 a factor of 1699180730?
False
Is 22 a factor of 41129835?
False
Is 274725180 a multiple of 114?
True
Is 2795803 a multiple of 8?
False
Is 36244859 a multiple of 223?
True
Is 7107 a factor of 554833868?
False
Does 41 divide 27001493?
True
Is 24370668 a multiple of 97?
True
Is 12 a factor of 359223924?
True
Is 137940869 a multiple of 1358?
False
Does 14 divide 8968442?
True
Does 991 divide 20855955?
False
Does 1412 divide 1043000628?
True
Is 807108510 a multiple of 390?
True
Is 54532494 a multiple of 304?
False
Does 488 divide 37636541?
False
Is 115 a factor of 376386979?
False
Is 31964254 a multiple of 769?
True
Is 2401115 a multiple of 61?
False
Is 15773894 a multiple of 22?
False
Does 402 divide 459985494?
False
Does 44 divide 144612797?
False
Does 383 divide 6219980?
False
Does 1076 divide 26082240?
True
Is 107 a factor of 151867976?
False
Is 1751 a factor of 176661550?
False
Does 2 divide 145099646?
True
Is 32440152 a multiple of 19?
False
Does 23 divide 15779081?
True
Is 109498576 a multiple of 88?
True
Is 92 a factor of 344164548?
True
Is 293151584 a multiple of 211?
True
Does 12 divide 81394590?
False
Is 53 a factor of 863424317?
False
Does 8385 divide 295487400?
True
Is 18 a factor of 5850832?
False
Is 3464 a factor of 4165956611?
False
Does 8 divide 131880688?
True
Is 2904 a factor of 246087864?
True
Does 15 divide 80276475?
True
Is 95436280 a multiple of 40?
True
Is 11266737 a multiple of 6?
False
Is 616705056 a multiple of 18?
True
Does 64 divide 51102912?
True
Is 224838540 a multiple of 180?
True
Does 22 divide 301840220?
True
Is 4 a factor of 177332180?
True
Does 244 divide 709625952?
False
Is 16 a factor of 56127781?
False
Does 492 divide 4408141291?
False
Is 1092395752 a multiple of 8?
True
Does 142 divide 42478022?
True
Is 1590596839 a multiple of 186?
False
Does 24 divide 42704438?
False
Is 485196098 a multiple of 8?
False
Is 501 a factor of 2081862414?
True
Does 255 divide 1739604390?
True
Does 908 divide 1804978696?
True
Does 5 divide 4743865?
True
Is 362336240 a multiple of 32?
False
Is 54028697 a multiple of 31?
False
Is 102351524 a multiple of 188?
True
Is 34 a factor of 35473458?
True
Does 2535 divide 244505820?
True
Is 1296919000 a multiple of 670?
True
Does 10 divide 156421520?
True
Does 581 divide 6958056?
True
Is 3982239 a multiple of 1263?
True
Does 2 divide 9489589?
False
Is 401519035 a multiple of 67?
False
Is 7 a factor of 15373223?
False
Is 51171066 a multiple of 8?
False
Doe